alculate the greatest common factor of 123 and 159.
3
What is the highest common divisor of 1546 and 2?
2
Calculate the greatest common divisor of 7 and 749.
7
What is the greatest common factor of 1126 and 2?
2
What is the greatest common factor of 1254 and 264?
66
What is the greatest common divisor of 11 and 77?
11
Calculate the greatest common divisor of 17 and 1122.
17
Calculate the highest common divisor of 6 and 19.
1
What is the greatest common divisor of 57 and 9?
3
What is the highest common factor of 1980 and 240?
60
Calculate the highest common factor of 2285 and 55.
5
What is the greatest common factor of 48990 and 1278?
426
What is the highest common divisor of 533 and 260?
13
Calculate the greatest common factor of 3139 and 438.
73
What is the greatest common factor of 8 and 15756?
4
What is the highest common factor of 11 and 14?
1
Calculate the greatest common factor of 12 and 597.
3
Calculate the highest common factor of 25 and 160.
5
Calculate the highest common divisor of 112263 and 69.
69
What is the greatest common factor of 1 and 8?
1
Calculate the greatest common factor of 9 and 343.
1
What is the highest common divisor of 125 and 75?
25
What is the greatest common divisor of 490 and 10570?
70
Calculate the highest common factor of 231 and 1281.
21
What is the highest common divisor of 18 and 8163?
9
What is the highest common factor of 2967 and 1173?
69
What is the highest common factor of 15610 and 40?
10
What is the greatest common divisor of 714 and 12?
6
What is the highest common factor of 106 and 4558?
106
Calculate the greatest common divisor of 25312 and 56.
56
What is the highest common divisor of 99 and 165?
33
What is the highest common factor of 350 and 161?
7
What is the highest common factor of 312 and 10140?
156
Calculate the highest common factor of 4230 and 90.
90
What is the highest common factor of 63 and 1449?
63
What is the greatest common divisor of 161 and 21413?
161
Calculate the highest common factor of 4380 and 1168.
292
What is the greatest common divisor of 6 and 1158?
6
Calculate the greatest common factor of 3 and 81.
3
Calculate the greatest common factor of 14014 and 33.
11
Calculate the highest common factor of 693 and 396.
99
What is the highest common divisor of 1463 and 2261?
133
Calculate the highest common factor of 485 and 776.
97
Calculate the highest common divisor of 171 and 38.
19
Calculate the highest common divisor of 255 and 102.
51
What is the greatest common divisor of 35 and 125?
5
What is the greatest common divisor of 380 and 2?
2
What is the highest common factor of 4 and 128?
4
What is the greatest common factor of 120 and 6180?
60
What is the greatest common divisor of 108 and 64?
4
What is the greatest common factor of 13958 and 14?
14
Calculate the highest common divisor of 274 and 7535.
137
Calculate the greatest common factor of 30 and 890.
10
Calculate the highest common divisor of 18 and 1530.
18
What is the highest common factor of 24 and 1146?
6
What is the highest common factor of 47897 and 454?
227
What is the highest common factor of 5 and 1115?
5
What is the highest common divisor of 7 and 203?
7
Calculate the greatest common divisor of 7 and 21.
7
What is the greatest common divisor of 578 and 34?
34
What is the greatest common factor of 687 and 1603?
229
Calculate the greatest common divisor of 12 and 444.
12
Calculate the greatest common factor of 2077 and 67.
67
What is the highest common divisor of 84 and 37212?
84
What is the highest common factor of 54 and 9558?
54
Calculate the highest common factor of 121 and 176.
11
What is the highest common factor of 279 and 12?
3
What is the greatest common factor of 330 and 170?
10
Calculate the highest common divisor of 243 and 1323.
27
What is the greatest common factor of 195 and 3840?
15
What is the highest common factor of 9 and 15?
3
What is the highest common factor of 1035 and 23?
23
Calculate the highest common factor of 9030 and 210.
210
Calculate the greatest common factor of 10519 and 67.
67
What is the greatest common divisor of 23 and 6555?
23
Calculate the highest common divisor of 6320 and 10.
10
What is the greatest common factor of 45 and 240?
15
What is the greatest common divisor of 288 and 16?
16
Calculate the highest common divisor of 4 and 1759.
1
What is the greatest common factor of 648 and 243?
81
What is the highest common factor of 49 and 644?
7
What is the highest common divisor of 427 and 183?
61
What is the highest common divisor of 5 and 60?
5
Calculate the highest common divisor of 533 and 39.
13
What is the highest common divisor of 2260 and 320?
20
Calculate the greatest common factor of 23 and 59616.
23
What is the highest common factor of 8488 and 40?
8
What is the highest common factor of 6061 and 95?
19
Calculate the greatest common divisor of 60 and 552.
12
Calculate the greatest common divisor of 48 and 1.
1
What is the highest common factor of 247 and 52?
13
What is the highest common factor of 609 and 273?
21
Calculate the greatest common divisor of 132 and 99.
33
What is the greatest common factor of 39 and 195?
39
Calculate the greatest common factor of 294 and 420.
42
What is the greatest common factor of 57 and 6213?
57
What is the highest common factor of 57 and 95?
19
What is the highest common divisor of 78184 and 232?
232
What is the greatest common factor of 12 and 300?
12
What is the highest common divisor of 13910 and 65?
65
What is the greatest common factor of 75 and 120?
15
What is the greatest common divisor of 25 and 275?
25
What is the highest common divisor of 4 and 2212?
4
Calculate the greatest common divisor of 25176 and 24.
24
Calculate the highest common divisor of 711 and 9.
9
What is the greatest common factor of 624 and 144?
48
Calculate the greatest common divisor of 658 and 322.
14
What is the greatest common divisor of 160068 and 12?
12
Calculate the greatest common divisor of 1064 and 112.
56
Calculate the greatest common divisor of 57 and 1121.
19
What is the highest common factor of 165 and 55?
55
Calculate the highest common factor of 5 and 640.
5
Calculate the highest common factor of 297 and 825.
33
Calculate the greatest common factor of 4 and 192.
4
Calculate the highest common divisor of 2568 and 24.
24
What is the highest common divisor of 31 and 8339?
31
What is the highest common divisor of 104 and 24?
8
Calculate the highest common factor of 9 and 387.
9
Calculate the greatest common divisor of 950 and 133.
19
Calculate the highest common divisor of 6984 and 18.
18
What is the greatest common divisor of 3939 and 91?
13
Calculate the greatest common divisor of 66 and 12.
6
What is the highest common divisor of 948 and 12?
12
Calculate the highest common factor of 352 and 286.
22
Calculate the highest common factor of 114 and 12198.
114
What is the highest common divisor of 187 and 153?
17
What is the greatest common divisor of 166 and 53120?
166
What is the highest common factor of 8 and 2456?
8
Calculate the greatest common divisor of 943 and 82.
41
Calculate the highest common divisor of 12 and 482.
2
What is the highest common factor of 135 and 5445?
45
Calculate the highest common factor of 5830 and 1378.
106
What is the greatest common divisor of 28 and 3906?
14
Calculate the greatest common divisor of 36 and 2034.
18
Calculate the highest common factor of 2299 and 19.
19
Calculate the greatest common factor of 69 and 8142.
69
What is the greatest common divisor of 2899 and 13?
13
What is the greatest common divisor of 954 and 90?
18
What is the highest common factor of 10 and 38?
2
What is the highest common factor of 780 and 78?
78
Calculate the greatest common factor of 370 and 320.
10
Calculate the greatest common factor of 64 and 10352.
16
What is the highest common factor of 3776 and 59?
59
What is the highest common factor of 2216 and 32?
8
Calculate the greatest common factor of 212 and 236.
4
What is the greatest common divisor of 117 and 104?
13
What is the highest common factor of 340 and 80?
20
Calculate the greatest common divisor of 57 and 361.
19
What is the greatest common factor of 24 and 456?
24
What is the greatest common factor of 69 and 7590?
69
What is the highest common divisor of 96 and 528?